 -42 + -171. Let n = j - -318. Calculate the highest common factor of 15 and n.
15
Let v = -18 + 13. Let p = v + 20. What is the greatest common divisor of p and 165?
15
Suppose 0 = 3*b - 25 - 65. Let a(x) = 3*x**2 - x + 5. Let y be a(5). What is the highest common factor of y and b?
15
Let a(r) = r**2 - 2*r + 2. Let c be a(2). Suppose 2 + 7 = 3*x. What is the highest common divisor of x and c?
1
Suppose -16*t = -8*t - 192. What is the highest common factor of 108 and t?
12
Let u = 202 + -176. Calculate the greatest common factor of u and 26.
26
Let a(u) = -1 + 21 - 5*u - 3 + 18*u. Let x be a(8). What is the highest common divisor of 11 and x?
11
Let v = -8 + 4. Let q = -1 - -2. Let k be v/((0 + -1)*q). What is the highest common factor of 12 and k?
4
Suppose i - 264 = -7*i. Calculate the highest common factor of 99 and i.
33
Suppose s + 3*s = 116. Let m = s - 1. Calculate the greatest common factor of m and 7.
7
Suppose 0 = -5*o + 5*p - 125, p + 28 = -o - 3. Let m be 40/o*(3 + -10). What is the highest common divisor of 50 and m?
10
Suppose -7*k + 200 = 3*k. Calculate the highest common divisor of k and 20.
20
Suppose -j + 3 = -q, 5*q = -j - 2*j + 9. Suppose -4*u - 9 = -m, -j*m = u + 3*u - 27. What is the greatest common factor of 27 and m?
9
Let a(u) = 39*u**2 + u. Suppose -4 = 2*r - 0*r. Let h be a(r). Suppose -l = -3*f + 39, 2*f - 5*l = f - 1. What is the greatest common factor of f and h?
14
Let u be 12/(-8)*(-3 - 1). Suppose -4*v + 3*q = -131, -3*q - 8 = 7. Let a be 1 + 0/2 + v. What is the greatest common factor of a and u?
6
Suppose -s = 3*g - 24, 2*s - 124 = -2*s - 5*g. What is the highest common divisor of 4 and s?
4
Let f be (243/18)/(6/(-88)). Let o be f/(-27)*(0 - -6). Let n(h) = 3*h + 2. Let i be n(3). Calculate the highest common factor of o and i.
11
Let z = 24 + -14. Let g(d) = 4*d**3 + d**2 - 2*d + 1. Let v be g(1). Calculate the greatest common factor of v and z.
2
Suppose 0*i + 60 = 5*i. Calculate the highest common divisor of i and 36.
12
Let v(x) = -x - 8. Let m be v(-6). Let f = 0 - m. Let j = 4 + -3. What is the highest common divisor of j and f?
1
Let c = 15 - 5. Calculate the greatest common factor of 25 and c.
5
Let t = -1 - 1. Let n = t + 2. Suppose f + f - 308 = n. What is the greatest common factor of f and 14?
14
Let d be (-11)/(-3) + (-1)/(-3). Suppose 0 = 2*j - 3*j + 4. Calculate the greatest common factor of j and d.
4
Let l(d) = d**2 + d - 1. Let n be l(-2). Let w be n - 0 - (-2 - 9). Suppose 4*m + 16 = 8*m. What is the highest common factor of w and m?
4
Let f be (-10)/(-30) + (330/9 - 1). Calculate the greatest common factor of 4 and f.
4
Suppose l - 1 - 5 = 0. Suppose 51 = 4*m - 117. Calculate the greatest common divisor of m and l.
6
Let x be (-606)/(-66) - (-2)/(-11). Calculate the highest common divisor of 81 and x.
9
Suppose 144 = 5*b - 4*b. Let d be 8/(-28) + b/14. Let r = 4 - 3. Calculate the greatest common divisor of d and r.
1
Let n = -6 + 16. Suppose 2*j = 5*y + 3 + 17, -j - 3 = 4*y. Suppose j*d = 3*x + 459, -d + 68 + 16 = 2*x. What is the greatest common factor of n and d?
10
Suppose o - 3*o = 2. Let m be o + 8 - -1 - -1. Let g be (-3)/2*(-24)/m. Calculate the highest common factor of 6 and g.
2
Let h be ((-16)/64)/((-1)/52). Suppose -n = 4*r - 463, -5*r + 2*n + 0*n + 595 = 0. What is the highest common divisor of r and h?
13
Let l(w) = w**3 + 2*w**2 - 3*w + 4. Let v be l(-3). Suppose 0 = -0*m + v*m - 4. Calculate the highest common divisor of m and 1.
1
Let o be (1/1)/(3/6). Suppose n - p + 49 = 3*n, -55 = -o*n + p. Let w be 14 - (0 + 2/2). What is the highest common factor of w and n?
13
Suppose -7*h = -11*h + 792. Calculate the highest common divisor of h and 18.
18
Let t(p) = p**2 + 9*p - 3. Let x be t(-9). Let h be (-1)/(-3) - 26/x. What is the greatest common factor of 72 and h?
9
Let d be (-4)/(-5 - (-1 - 2)). Suppose -3*c + c - 14 = -s, 3*c - d*s = -22. Let p be 2/14*c*-7. What is the greatest common divisor of p and 54?
6
Suppose 10 = -2*o, 5*h + 4*o - 82 = 2*h. What is the highest common divisor of 51 and h?
17
Let g = 26 + -18. Suppose 2*k - 8 = g. What is the highest common divisor of k and 88?
8
Suppose -7*y = -2*y. Suppose -3*o + 32 = 2*g, -2*o + 6*o + 2*g - 44 = y. What is the highest common divisor of 96 and o?
12
Let s = 1 + 7. What is the greatest common factor of s and 20?
4
Let x = 252 + 9. Calculate the highest common factor of x and 29.
29
Suppose 2*u - 3 = 3*u, 9 = -2*k - 5*u. What is the highest common factor of k and 33?
3
Suppose f = -f + 3*l + 3, -3*l + 60 = 5*f. Calculate the greatest common factor of f and 72.
9
Suppose 0 = -2*q - 1 - 1. Let j be (6 - 4) + 2 + q. What is the highest common divisor of 6 and j?
3
Let t be 67*1 + (4 - 1). Suppose 0*l + l - t = 0. Calculate the highest common factor of l and 28.
14
Let p be 4/(2 + (-14)/8). What is the greatest common divisor of 16 and p?
16
Suppose 3*q + 2*d = 27, -d + 0*d = q - 10. What is the highest common divisor of q and 21?
7
Let f(d) = d**3 - 5*d**2 - 2*d + 11. Let z be (-87)/(-12) + (-12)/(-16). Let c be f(z). Calculate the greatest common divisor of c and 17.
17
Let y be 2/5 - (-267)/(-5). Let m = -37 - y. Let r = -45 - -109. Calculate the greatest common factor of r and m.
16
Suppose -4*z = -111 - 9. Calculate the highest common divisor of 20 and z.
10
Suppose 2*k - 157 = -5*f + 65, -k - 5*f = -106. Calculate the greatest common divisor of k and 4.
4
Let p = 8 - 6. Suppose -3*z - 3*s + 315 = 0, -5*z - 2*s = p*s - 524. Let q be (-78)/(-3)*2/4. Calculate the highest common divisor of z and q.
13
Let a be 2*13/1 + -1. Suppose 71 = g - a. Calculate the greatest common divisor of g and 12.
12
Suppose -1411 = -c - 512. Suppose 0 = -3*h - 140 + c. Let n(u) = 2*u**2 + 14*u + 23. Let t be n(-7). What is the greatest common factor of t and h?
23
Let y be 2/(-9) + 920/9. Let h = 162 - y. Suppose 3*z = 55 + 17. What is the greatest common factor of z and h?
12
Let t(c) = -c**2 + 10*c - 7. Let k be t(8). Let i be ((-39)/k)/((-3)/9). Calculate the highest common divisor of i and 104.
13
Let s = 1 - -33. Suppose -111 + 196 = o. Calculate the highest common factor of o and s.
17
Let s(o) = -o - o + 4 - o + 2*o**2. Let b be s(3). Let y(d) = 3*d**2 + 4*d + 1. Let c be y(4). What is the greatest common divisor of c and b?
13
Suppose 5*v + 3*c - 114 = 2*v, -2*v + 86 = 4*c. Suppose 2*m - 209 = v. Calculate the highest common factor of 11 and m.
11
Let s be -1 - 1 - (-1 - -5). Let k(b) = b**2 + 4*b - 7. Let t be k(s). Calculate the highest common factor of 5 and t.
5
Let m be 95 - (4 - 3/3). What is the highest common factor of 23 and m?
23
Let o = -10 - 4. Let y = -1 - o. Let w(q) = 18*q + 1. Let z be w(5). Calculate the highest common factor of y and z.
13
Let w be 5*6*2/4. Suppose 0 = 5*y - w + 5. What is the highest common divisor of 20 and y?
2
Let d = 2 - 1. Let b(p) = p**3 + 6*p**2 - 8*p - 5. Let n be b(-7). Calculate the highest common factor of d and n.
1
Let h = -5 + 12. Let n be 2 - (h*-31 + -1). What is the greatest common divisor of 20 and n?
20
Let b be (-220)/(-6) + (-1)/(-3). Suppose -r - 2*r = -2*j - b, 2*r + 5*j = -7. Calculate the greatest common divisor of 9 and r.
9
Let s = 8 + 5. Let k = 460 + -891. Let f be 2/(-3) + k/(-3). What is the greatest common divisor of f and s?
13
Suppose -z - 42 = -4*z. Let c be 0/(-1) + (27 - -1). Calculate the greatest common divisor of c and z.
14
Let q be ((-1)/(-3))/((-12)/(-540)). What is the greatest common divisor of 10 and q?
5
Let f(h) = 8*h**3 + 3*h**2 - 2. Let c be f(1). What is the greatest common factor of 81 and c?
9
Suppose -u + 93 = 3*n, 5*u + 31 + 44 = 3*n. Calculate the greatest common factor of 12 and n.
6
Let j(b) = b**2 - 7*b + 8. Let z be j(6). Suppose 418 = 2*w - p, -5*w = -z*w - 4*p - 632. What is the highest common divisor of 26 and w?
26
Let z(v) = v**3 - v - 2. Let c be z(2). Suppose -2*b + c*b - 30 = 0. Suppose -3*o + 18 = -0*o. What is the highest common divisor of o and b?
3
Let c(m) = m**3 - 7*m**2 - 8*m + 8. Let z be c(8). Suppose -2*a - 6 = -2*v + z, -21 = -3*v - 4*a. What is the greatest common divisor of v and 35?
7
Suppose 0 = 5*s - 6 - 4. Let d be -1 - (s - 11 - -1). What is the greatest common divisor of 7 and d?
7
Suppose 4*v - 103 = -5*